the units digit of k?
6
Suppose -4*b = -5*k - 553, 4*k - k = -4*b + 577. What is the tens digit of b?
4
Suppose -20 = -k - k. Suppose 3*z - k = z. What is the units digit of z?
5
Let a = -7 + 11. Suppose 0 = u - 1 - a. What is the units digit of u?
5
Let s(y) = -y**2 + 6*y - 4. Let k be s(4). Suppose -4*b = 5*c + b + 20, -k*c + 19 = -3*b. Suppose -i = -21 + c. What is the tens digit of i?
2
Let a be (-1)/2 - 18/(-4). Suppose -2*z + y = -23, 5*y = -z + a*z - 52. What is the units digit of z?
9
Suppose 40 + 44 = 4*g. What is the tens digit of g?
2
Let m(x) be the third derivative of x**4/8 + 7*x**3/2 + x**2. Let f(o) = -2*o - 14. Let u(b) = -8*f(b) - 5*m(b). What is the units digit of u(0)?
7
Let i = 1 + -1. Let g(t) = -10*t**2 + 10*t - 18. Let f(z) = -7*z**2 + 7*z - 12. Let q(j) = 7*f(j) - 5*g(j). What is the units digit of q(i)?
6
What is the tens digit of (115 - 3/(6/(-4))) + -1?
1
Let v be 192/(-30) - 2/(-5). Let q(g) = -4*g - 8. What is the units digit of q(v)?
6
Suppose -5*n - 2*u = -404, 0*n = 4*n - u - 318. What is the tens digit of n?
8
Let n(p) = 4*p**2 - 1. Suppose -y + i + 1 = 0, -1 = -2*y - 4*i + 25. Suppose -y*w = -4 - 6. What is the units digit of n(w)?
5
Let s(z) be the third derivative of -z**4/24 - z**3/2 + 2*z**2. Let h be s(-6). Suppose -2 = p, -3*d - 3 = h*p - 33. What is the tens digit of d?
1
Let g = 1 + 6. Let j be 0 - -6*(-2)/3. Let n = g + j. What is the units digit of n?
3
Let y = 34 + 7. What is the units digit of y?
1
Let m(x) be the third derivative of -x**5/60 - 11*x**4/24 - x**3 + 4*x**2. Let t(v) = v**3 - 8*v**2 + 5*v + 6. Let p be t(7). What is the tens digit of m(p)?
1
Let y(p) = -p**3 + 7*p**2 - 3. Let o be y(7). Let b(f) = -f**3 - 3*f**2 + 5*f + 2. Let n be b(-3). Let v = o - n. What is the units digit of v?
0
Let d be 6*(-1 - 2)/(-6). Suppose 5*k - 3*k - 2 = 0. What is the units digit of 12 + (k - 1) + d?
5
Suppose -4*a = -7*a + 165. What is the units digit of a?
5
Let z(k) = k**2 - 5*k + 5. What is the tens digit of z(-4)?
4
Let j(i) = i**3 + 7*i**2 + 8. Let m be j(-7). Let y be (-2)/m - 29/(-4). Suppose 0*v = -v + y. What is the units digit of v?
7
Suppose -5*s + 678 = -2*p, 4*s - 412 = s - 4*p. What is the hundreds digit of s?
1
Let z(x) = 3*x**2 + 4*x + 11. What is the units digit of z(-5)?
6
Suppose -k + 4 + 63 = 0. What is the units digit of k?
7
Let m(u) = 17*u**2. Suppose 0 = -3*d + 4*d + 1. Let r be m(d). Let l = r + -7. What is the units digit of l?
0
Let s = -3 + 4. Suppose -y + s = -4. What is the units digit of 1 - 1 - -1*y?
5
Let h = 9 - -46. What is the tens digit of h?
5
Suppose -19*o = -2810 - 705. What is the hundreds digit of o?
1
Suppose 9 - 3 = 3*v. Suppose -v*s = -s. Suppose s = 3*u + u - 72. What is the tens digit of u?
1
Let j be 1/3*3 + 6. Suppose 4*g - j = 3*g. What is the units digit of g?
7
Let q(j) = -j + 5. Let c be q(3). Suppose -2*i = c*s - 6*i - 8, -2*s - i = -28. What is the tens digit of s?
1
Let j = -4 - -8. Suppose 0*o - 52 = -j*o. What is the units digit of o?
3
Let u(x) = x**3 + x**2 - 2*x + 4. What is the tens digit of u(3)?
3
Let l = 20 - -18. What is the tens digit of l?
3
Suppose 16 = -y - 4*v, 2*v - 2 = -0*v. Let i be 23/(-2) - 1/2. Let k = i - y. What is the units digit of k?
8
Let r be 2/3*(-12)/(-1). Let d = r - -14. What is the units digit of d?
2
Suppose -t = 5*n - 6*n + 331, n = 2*t + 336. What is the hundreds digit of n?
3
Suppose -3*p + 18 = -4*l, 3*p = p + 3*l + 13. What is the units digit of p?
2
Let i = -7 + 18. Suppose -4*n + 9 = -i. Suppose n = 3*j - 2*j. What is the units digit of j?
5
Suppose -3*i + 3 = 3*d, 5*d + 2*i = d + 12. Suppose -66 = -0*t - 6*t. Let f = d + t. What is the tens digit of f?
1
Suppose -5*y + 3*p + 71 = -4*y, -y = 3*p - 47. What is the units digit of y?
9
What is the tens digit of ((-17)/34)/((-1)/124)?
6
Let f = 5 + -1. Suppose 12 = -3*j, -2*d = d - f*j - 52. What is the tens digit of d?
1
Suppose 5*y - 153 + 3 = 0. Suppose -6*i + y = -3*i. Suppose 2*w - w - i = 0. What is the units digit of w?
0
Suppose -4*f = 7*f - 1991. What is the hundreds digit of f?
1
Suppose -4*l - 2 + 14 = 0. What is the units digit of (-6)/((6/l)/(-2))?
6
Suppose -v = -2*v + 21. What is the tens digit of v?
2
Suppose 2*f = -3*f. Let q(c) = f*c - 4*c + 2*c. What is the units digit of q(-2)?
4
Let x(u) = -u**2 + 7*u - 1. Let p be x(6). Suppose -99 = -p*z + 26. What is the tens digit of z?
2
Let l be (-14)/(4/(-6)*3). Let n = -2 + l. What is the units digit of n?
5
Let n(h) = h**2 + 9*h - 3. Let u be n(-10). Let g be 3/6 - u/2. What is the units digit of (g + -1)/(3 + -5)?
2
Suppose 6*t - 2*t = -72. Let x = -9 - t. What is the units digit of x?
9
Suppose -2*d + 31 = 5*p - 18, -3*d - p = -93. Suppose 0 = q + q + j - 103, -4*q - 5*j = -197. Let r = q - d. What is the tens digit of r?
2
Let v(f) = -f**3 + f**2 + f + 24. Let z be 4 + -5 - -2 - 1. What is the units digit of v(z)?
4
Suppose 3*o - p = 15, 0*p + 4*p = 4*o - 20. Suppose o*k - 29 + 169 = 0. What is the units digit of (-2)/3 - k/6?
4
Let d = -78 + 34. Let r = d + 105. What is the tens digit of r?
6
Let o = 361 - 234. What is the units digit of o?
7
Let i(q) = q**2 - 3*q - 4. Let a be i(3). Let d = 4 + a. Suppose 4*u = 16 - d. What is the units digit of u?
4
Let y(c) = 103*c + 1. Let a be y(2). Suppose 0 = 3*k + 42 - a. What is the tens digit of k?
5
Let y(j) = j**3 - 5*j**2 - 11*j - 4. What is the tens digit of y(8)?
0
What is the units digit of (-7)/(-14)*(2 - (-122 - -2))?
1
Suppose -3 = -c + 12. Suppose -3*y + 3*a = -90, y - 25 = -4*a + c. What is the units digit of y?
2
Suppose 3*m = -m. Let o = 3 + m. What is the units digit of 18 + 0 + 0/o?
8
Let d(c) = c**2 - 12*c - 8. Let z be d(8). Let j(n) = -n**2 - 3*n. Let o be j(-7). Let u = o - z. What is the units digit of u?
2
Suppose -2336 = -7*i - 180. What is the hundreds digit of i?
3
Suppose -4*t - t = -290. Let d = t - 32. What is the tens digit of d?
2
Let k(a) = a**2 - a - 3. Let c be (8/6)/(4/18). Let u be 9*(c/(-9) - -1). What is the units digit of k(u)?
3
Let s = -17 + 2. Let d be ((-6)/s + 0)*5. Suppose x + d*x = 3. What is the units digit of x?
1
Let u(x) = x**2 - 4*x - 3. Let c = 15 - 10. What is the units digit of u(c)?
2
Let y be 2 - 4/((-8)/6). Suppose 14 = y*x - 26. What is the units digit of 4/(-16) + 98/x?
2
Let o(k) = 2*k**2 - 4*k - 14. What is the units digit of o(5)?
6
Let s = -22 - -38. What is the tens digit of s?
1
Let x(n) = 2*n + 3. Let q be x(-8). Let j = q + 21. What is the units digit of j?
8
Let d be (-10)/15*(-15)/(-2). Let u be (-120)/d + 2/2. Let m = u - 9. What is the tens digit of m?
1
Let x(c) = -2*c. Let n be x(1). What is the units digit of (n - -1)*1 - -7?
6
Suppose 0 = 3*u - 4 - 182. What is the units digit of u?
2
Let k(r) = -5*r + 3. What is the tens digit of k(-6)?
3
Let q(y) be the third derivative of y**5/60 + y**4/12 - 5*y**3/6 - y**2. Let l be -4 - (1 + -2)*0. What is the units digit of q(l)?
3
Let x(z) = z - 1. Let n(k) = -8 - 3 + k + 0. Let u(l) = n(l) - 4*x(l). What is the tens digit of u(-6)?
1
Let m(s) = -s + 1. Let x(c) = -3*c + 1. Let u(n) = 6*m(n) - 3*x(n). Let z be u(-6). What is the units digit of (-4)/10 + (-126)/z?
8
Suppose 4*z + 4*m = 244, 6*m + 265 = 5*z + m. What is the units digit of z?
7
Let w(o) = -2*o**3 - 4*o**2 - 4*o - 4. Let q be w(-3). Suppose 3*l - q = l. What is the tens digit of l?
1
Let w = 7 - 7. Suppose w = -5*i + 51 + 19. Suppose -t - 4*t = -g - i, -4*g - t = -28. What is the units digit of g?
6
Let j(c) = -c**3 + c**2 + c - 16. What is the units digit of j(-5)?
9
Let j(o) = -o**3 - 7*o**2 - 4*o + 7. Let d be j(-6). Let w be 2/5 + (-68)/d. Suppose 5*g = 3*g + w. What is the units digit of g?
7
Let c(j) = -j - 5. Let k(n) = n + 5. Let i(d) = 3*c(d) + 4*k(d). What is the units digit of i(-3)?
2
Let m(f) = -3*f - 13. What is the tens digit of m(-9)?
1
Let s(x) be the third derivative of x**4/24 + 3*x**3/2 + 7*x**2. Suppose 4*j + j = 4*t - 44, 0 = 4*t - 4. What is the units digit of s(j)?
1
What is the hundreds digit of (-368)/6*-3 - -1?
1
Let m = 16 - 3. Suppose 25 = -3*z + 4*z. Let r = z - m. What is the tens digit of r?
1
Let q be (-2)/4*(2 + 2). Let h = q + 6. What is the units digit of (-15)/(h + -1)*-1?
5
Let s(q) = 1 - 5*q**3 - q**3 + 2*q**3. Let y be s(1). Let g =